= w*c + u, 0 = 4*c - 2*u + 15 - 69. Let h be (-2)/(-2 + 1)*2. What is the highest common factor of h and c?
4
Suppose 0*d + 2*d - 18 = -4*q, -2*d + 63 = -5*q. What is the greatest common factor of 57 and d?
19
Suppose 5*c = -5*f + 75, -2*f + 5*c = 3*c - 34. Let n be 16/3*(19 - f). What is the highest common divisor of 48 and n?
16
Let k = -6 - -14. Let c = 0 + k. Let t = 24 + c. Calculate the highest common factor of 8 and t.
8
Let i be ((-144)/84)/((-1)/28). Let g = i - -36. What is the highest common divisor of g and 12?
12
Let d be -15 - -6 - -7 - -3. What is the greatest common factor of d and 10?
1
Suppose -u + 11 - 1 = 0. Let t(n) = -10*n**2 + 4*n + 8 + 11*n**2 - 3. Let q be t(-9). What is the highest common factor of q and u?
10
Let m(p) = -194*p**3 - 3*p**2 - 3*p + 1. Let z be m(-1). What is the greatest common divisor of 30 and z?
15
Suppose 23*j = 20*j + 9. Let h be 33 - (-3 + 2 - -1). What is the greatest common divisor of h and j?
3
Let m = 1302 - 1090. What is the greatest common divisor of 53 and m?
53
Let g(z) = -2*z**2 - 26*z + 3. Let r be g(-12). Let p be (4 - r/6)*(-90 + 0). What is the greatest common divisor of 225 and p?
45
Let d be (44/(-20))/((-10)/250). Calculate the greatest common divisor of 143 and d.
11
Let d(m) = 3*m + 138. Let t be d(-24). Calculate the greatest common divisor of t and 24.
6
Suppose 3*s - 35 = 2*l, -37 = -3*s + 2*l + 2*l. Suppose s + 15 = 5*r - 4*h, 5*r = -2*h + 32. Calculate the greatest common factor of r and 24.
6
Suppose 34*r = 35*r - 4. Suppose -r*l = 20, 2*j + l = -2*j + 43. Let a be (0 - 12)*2/(-4). Calculate the highest common factor of a and j.
6
Suppose 0*o = -o + 280. What is the greatest common divisor of 200 and o?
40
Let i(v) = -2*v**3 + 16*v**2 + 5*v + 8. Let f be i(8). Let u be 5 - 0 - 1*2. Suppose 0 = -u*g - 2*g + 30. Calculate the greatest common divisor of g and f.
6
Let u be (55 - (6 - 3))/1. Let s(c) = -c**2 + 10*c + 13. Let r be s(10). Calculate the highest common factor of r and u.
13
Let n(i) = 6*i + 55. Let m be n(-10). Let t(d) = -d**2 - 4*d + 6. Let b be t(m). What is the highest common divisor of 4 and b?
1
Let a = 410 + -387. What is the greatest common factor of 69 and a?
23
Suppose -m + 15 = -2*d, -9*m + 6*m = 3*d. Suppose 0 = 5*b - 10*w + m*w - 2505, -w = 3*b - 1515. Calculate the highest common divisor of b and 63.
63
Let a = -16 - -316. Calculate the highest common factor of 48 and a.
12
Suppose 12 = 8*m - 5*m. Suppose -z - 8 = -5*z + m*w, 5*w - 11 = -2*z. What is the highest common factor of 15 and z?
3
Let b(p) = 11*p + 9*p + 12*p + 12 - 8*p. Let a be b(4). Let u(l) = -6*l. Let t be u(-2). What is the greatest common factor of a and t?
12
Suppose 0 = 402*c - 382*c - 12980. What is the greatest common divisor of 59 and c?
59
Let o(h) = 3*h**2 + 54*h + 21. Let n be o(-25). What is the greatest common divisor of 104 and n?
26
Suppose -4*o + 2*h - 6*h - 792 = 0, 4*h + 591 = -3*o. Let s = o - -371. Let c be 248/16 - (-15)/(-20)*-2. What is the highest common factor of s and c?
17
Let n(l) = l. Let c be n(3). Suppose 5*u + 60 + 49 = g, u + c*g + 25 = 0. Let q = u + 33. Calculate the greatest common divisor of 11 and q.
11
Suppose 5*q = -253 + 358. Calculate the highest common divisor of q and 84.
21
Suppose -x - 4 = -4*j, 0 = 3*x - x - 3*j - 17. Let w = 10 + -6. What is the greatest common factor of x and w?
4
Let o = -1371 + 1515. What is the highest common factor of 252 and o?
36
Let c(k) = 2*k**2 + 70*k - 59. Let o be c(-40). What is the highest common factor of o and 31?
31
Let w = 93 - 61. Suppose -6*t + 7*t = w. Calculate the highest common factor of 80 and t.
16
Let f(m) = -4*m**2 + 44*m - 15. Let z be f(9). Calculate the highest common divisor of 24 and z.
3
Let k(h) = 5*h - 5. Let d be k(5). What is the greatest common factor of d and 430?
10
Let v be (-30)/(-6) - 0 - 1. Let x be -3 - -4 - -1 - -20. Calculate the highest common divisor of x and v.
2
Let y = 389 + -357. What is the highest common factor of y and 14?
2
Let g be (0 - 15/(-6))*12/15. Let y be ((-11)/g)/(-11)*6. What is the highest common divisor of y and 4?
1
Let w = -22 - -44. Let a = -59 + 114. What is the highest common factor of w and a?
11
Let i(k) = -11*k - 43. Let h be i(-9). What is the highest common factor of 56 and h?
56
Let j = -71 - -176. Let z = j + -85. Calculate the highest common factor of z and 20.
20
Let i(o) = 3*o**2 - 6*o - 9. Suppose q = -q + 14. Let v be i(q). Suppose -p - v = -5*p. What is the highest common factor of 24 and p?
24
Suppose -5*p = -7*p + 24. Suppose 2*t = -2*n - 2*n, n + t = 0. Suppose 12 + n = 2*i. What is the highest common factor of p and i?
6
Let i be 5 + 5 + (2 + 1)*-1. Calculate the highest common divisor of i and 4.
1
Suppose -2*l = n - 1 - 16, l - 4*n = 31. Suppose -28 = -l*i + 7*i. What is the greatest common factor of i and 63?
7
Let t be 0 + -7 - (-16 + 16). Let o be t + 376/56 + (-16)/(-7). What is the highest common divisor of o and 18?
2
Let y be ((-4)/(-3))/(8/12). Suppose y*t + 17 = -1. Let m = 21 + t. What is the highest common factor of 60 and m?
12
Let a(m) = -4 - m**2 - 4 + 0 + 0 + 9*m. Let h be a(7). Calculate the greatest common factor of h and 4.
2
Suppose 3*w = -o - 10, 0 = 2*o - 6*o + 2*w + 16. Let f be (-2)/(o - 4)*(18 + 6). What is the highest common divisor of f and 168?
24
Suppose 0 = 8*v - 133 - 571. Let f = -17 + 33. Suppose 2*y + 0*y - f = 0. What is the greatest common factor of v and y?
8
Let h = -417 + 609. Suppose 3*w = -9*w + h. Suppose 2*c = 12 + 84. What is the highest common divisor of w and c?
16
Suppose -110 = -8*q + 34. Let s = 26 - q. What is the highest common divisor of 168 and s?
8
Let a(o) = -10*o - 187. Let n be a(-25). Calculate the greatest common divisor of 119 and n.
7
Let o(k) = -18*k - 1. Let c be o(-1). Let n(w) = -w + 34. Let g be n(-17). What is the highest common factor of g and c?
17
Suppose 0 = 4*c + 3*b - 873 + 105, -b + 571 = 3*c. Let g(d) = -4*d - 6 - 5 + 0. Let v be g(-8). Calculate the greatest common divisor of c and v.
21
Suppose -l + 2*l = 2. Suppose -3*n - 6*x = -3*x - 51, 0 = 3*n - 4*x - 16. What is the highest common divisor of n and l?
2
Suppose 0 = -12*u + 9*u + 5*m + 2968, -3*u - 3*m + 2928 = 0. Calculate the greatest common divisor of 9 and u.
9
Let f = 77 + -2. Suppose 71*k = f*k - 108. What is the highest common factor of 18 and k?
9
Let p(u) = -2*u - 3 - u + 4*u. Let d be p(3). Suppose -a = -d*a - 46. Calculate the highest common factor of a and 69.
23
Let n(b) be the first derivative of b**4/2 - 8*b**3/3 + 2*b**2 + 7. Let l be n(5). What is the highest common factor of l and 28?
14
Let w = 373 + -186. Let h(d) = 57*d - 5. Let k be h(3). Let q be (-6)/(-15) + k/10. Calculate the highest common divisor of w and q.
17
Let p(d) = d + 13. Let r be p(0). Let a(b) = b**3 - 14*b**2 + 15*b - 13. Let x be a(r). Let v = 35 + 4. What is the highest common divisor of x and v?
13
Suppose 5*i = 5*r - 265, 2*r + 5*i - 35 = r. Let m(v) = -v**2 + 16*v - 8. Let d be m(16). Let c = 2 - d. What is the greatest common factor of r and c?
10
Let f(x) = 25 + 2*x - 56 + 76 - 11*x. Let s be f(-8). Calculate the highest common factor of s and 9.
9
Suppose -600 = 23*m - 83*m. Let y be ((-32)/(-12))/(1/108). Suppose -y = -4*h + 152. Calculate the highest common divisor of m and h.
10
Suppose -5*d - 11 = -6. Let v be 2 - (-34 - 5) - d. Calculate the highest common factor of 147 and v.
21
Let r(u) be the second derivative of u**4/12 + 5*u**3/6 + u**2 - 6*u. Let l be r(-4). Let t be (l - 4)*(-52)/6. Calculate the highest common factor of t and 13.
13
Let o be (-6)/(-27) - (-518)/18. Calculate the highest common divisor of 203 and o.
29
Let w = 3 - -5. Let k = 10 - 5. Suppose 0 = -k*f + z + 158, z + z = 2*f - 60. Calculate the highest common divisor of w and f.
8
Suppose -5*x + 47 = 3*s + 13, -x = -2*s + 1. Suppose 0*m + 2*m - 164 = x*q, -3*m + 232 = -4*q. Calculate the highest common divisor of 8 and m.
8
Suppose -5*n = -2*x - 5 + 1, -x = -2*n + 1. Let f = -7 + x. Let z(r) = -r**3 + r**2 - 3*r - 4. Let v be z(f). Calculate the greatest common factor of v and 11.
11
Let i(u) = 29*u + 3. Let v be i(3). Let f = -30 + v. What is the greatest common factor of f and 45?
15
Let t = -33 + 39. Suppose 0 = q - 6 - t.